{"id":11,"date":"2023-05-18T17:52:04","date_gmt":"2023-05-18T15:52:04","guid":{"rendered":"https:\/\/bamadoucouture.com\/?page_id=11"},"modified":"2023-07-11T12:50:02","modified_gmt":"2023-07-11T10:50:02","slug":"demande-de-devis","status":"publish","type":"page","link":"https:\/\/bamadoucouture.com\/?page_id=11","title":{"rendered":"DEMANDE DE DEVIS"},"content":{"rendered":"<style>\/*! elementor - v3.13.3 - 22-05-2023 *\/\n.elementor-heading-title{padding:0;margin:0;line-height:1}.elementor-widget-heading .elementor-heading-title[class*=elementor-size-]>a{color:inherit;font-size:inherit;line-height:inherit}.elementor-widget-heading .elementor-heading-title.elementor-size-small{font-size:15px}.elementor-widget-heading .elementor-heading-title.elementor-size-medium{font-size:19px}.elementor-widget-heading .elementor-heading-title.elementor-size-large{font-size:29px}.elementor-widget-heading .elementor-heading-title.elementor-size-xl{font-size:39px}.elementor-widget-heading .elementor-heading-title.elementor-size-xxl{font-size:59px}<\/style>\n<h2>FOMULAIRE DE DEVIS GRATUIT PRESTATIONS COUTURE<\/h2>\n<h2><strong>Toutes prestations de couture, patron de couture et de Retouche.<\/strong><\/h2>\n<p>Ce formulaire est \u00e0 votre disposition pour toutes demandes de devis gratuit.<\/p>\n<p>Pour mieux vous r\u00e9pondre, remplissez tous les champs possible. Nous nous efforcerons de vous r\u00e9pondre dans les meilleurs d\u00e9lais.<\/p>\n<style id=\"jet-form-builder-703-inline-css\"><\/style>\n<form  action=\"https:\/\/bamadoucouture.com\/?jet_form_builder_submit=submit&amp;method=reload\" method=\"POST\" data-form-id=\"703\" data-layout=\"column\" enctype=\"multipart\/form-data\" novalidate=\"\">\n<input type=\"hidden\" name=\"_jfb_current_render_states[]\" value=\"DEFAULT.STATE\" data-jfb-sync \/><input type=\"hidden\" name=\"_jet_engine_booking_form_id\" data-field-name=\"_jet_engine_booking_form_id\" value=\"703\"><br \/>\n<input type=\"hidden\" name=\"_jet_engine_refer\" data-field-name=\"_jet_engine_refer\" value=\"https:\/\/bamadoucouture.com\"><br \/>\n<input type=\"hidden\" name=\"__queried_post_id\" data-field-name=\"__queried_post_id\" value=\"11\"><br \/>\n<input type=\"hidden\" name=\"post_id\" data-field-name=\"post_id\" data-jfb-sync=\"\" value=\"11\"><br \/>\nPr\u00e9nom et Nom *<br \/>\n    <input placeholder=\"Ecrivez votre pr\u00e9nom et nom de famille\" required=\"required\" name=\"text_field\" id=\"text_field\" type=\"text\" data-field-name=\"text_field\" data-jfb-sync=\"\"><br \/>\nAdresse *<br \/>\n    <input placeholder=\"Entrez votre Adresse\" required=\"required\" name=\"field_name\" id=\"field_name\" type=\"text\" data-field-name=\"field_name\" data-jfb-sync=\"\"><br \/>\nT\u00e9l\u00e9phone *<br \/>\n    <input required=\"required\" name=\"telephone\" id=\"telephone\" type=\"tel\" data-field-name=\"telephone\" data-jfb-sync=\"\"><br \/>\nEmail<br \/>\n    <input placeholder=\"Entrez votre Email\" name=\"email\" id=\"email\" type=\"email\" data-field-name=\"email\" data-jfb-sync=\"\"><br \/>\nService de couture *<br \/>\n\t\t\t\t\t\t<label><br \/>\n\t\t\t\t<input\n\t\t\t\t\t\ttype=\"radio\"\n\t\t\t\t\t\tname=\"precisez_votre_demande\"\n\t\t\t\t\tclass=\"jet-form-builder__field radio-field checkradio-field\" data-jfb-sync=\"\"\t\t\t\t\t\tvalue=\"Confection sur mesure\"\n\t\t\t\t\t\tdata-field-name=\"precisez_votre_demande\"\n\t\t\t\t\t required=\"required\"\t\t\t\t><br \/>\n\t\t\t\tConfection sur mesure<br \/>\n\t\t\t<\/label><br \/>\n\t\t\t\t\t\t<label><br \/>\n\t\t\t\t<input\n\t\t\t\t\t\ttype=\"radio\"\n\t\t\t\t\t\tname=\"precisez_votre_demande\"\n\t\t\t\t\tclass=\"jet-form-builder__field radio-field checkradio-field\" data-jfb-sync=\"\"\t\t\t\t\t\tvalue=\"Retouche \/ travaux de couture\"\n\t\t\t\t\t\tdata-field-name=\"precisez_votre_demande\"\n\t\t\t\t\t required=\"required\"\t\t\t\t><br \/>\n\t\t\t\tRetouche \/ travaux de couture<br \/>\n\t\t\t<\/label><br \/>\n\t\t\t\t\t\t<label><br \/>\n\t\t\t\t<input\n\t\t\t\t\t\ttype=\"radio\"\n\t\t\t\t\t\tname=\"precisez_votre_demande\"\n\t\t\t\t\tclass=\"jet-form-builder__field radio-field checkradio-field\" data-jfb-sync=\"\"\t\t\t\t\t\tvalue=\"Cours de couture\"\n\t\t\t\t\t\tdata-field-name=\"precisez_votre_demande\"\n\t\t\t\t\t required=\"required\"\t\t\t\t><br \/>\n\t\t\t\tCours de couture<br \/>\n\t\t\t<\/label><br \/>\n\t\t\t\t\t\t<label><br \/>\n\t\t\t\t<input\n\t\t\t\t\t\ttype=\"radio\"\n\t\t\t\t\t\tname=\"precisez_votre_demande\"\n\t\t\t\t\tclass=\"jet-form-builder__field radio-field checkradio-field\" data-jfb-sync=\"\"\t\t\t\t\t\tvalue=\"Achat de v\u00eatement tout fini\"\n\t\t\t\t\t\tdata-field-name=\"precisez_votre_demande\"\n\t\t\t\t\t required=\"required\"\t\t\t\t><br \/>\n\t\t\t\tAchat de v\u00eatement tout fini<br \/>\n\t\t\t<\/label><br \/>\n<template><br \/>\n    <!-- preview --><br \/>\n    <!-- field --><br \/>\n        <svg width=\"22\" height=\"22\" viewBox=\"0 0 14 15\" fill=\"none\" xmlns=\"http:\/\/www.w3.org\/2000\/svg\">\n            <path d=\"M4.375 7H6.125V12.25H4.375V7ZM7.875 7H9.625V12.25H7.875V7ZM10.5 1.75C10.5 1.51302 10.4134 1.30794 10.2402 1.13477C10.0762 0.961589 9.87109 0.875 9.625 0.875H4.375C4.12891 0.875 3.91927 0.961589 3.74609 1.13477C3.58203 1.30794 3.5 1.51302 3.5 1.75V3.5H0V5.25H0.875V14C0.875 14.237 0.957031 14.4421 1.12109 14.6152C1.29427 14.7884 1.50391 14.875 1.75 14.875H12.25C12.4961 14.875 12.7012 14.7884 12.8652 14.6152C13.0384 14.4421 13.125 14.237 13.125 14V5.25H14V3.5H10.5V1.75ZM5.25 2.625H8.75V3.5H5.25V2.625ZM11.375 5.25V13.125H2.625V5.25H11.375Z\"><\/path>\n        <\/svg><br \/>\n    <!-- footer --><br \/>\n<\/template><br \/>\nPHOTOS ( tissu ou modele)<br \/>\n\t\t<svg xmlns=\"http:\/\/www.w3.org\/2000\/svg\" width=\"38\" height=\"38\" viewBox=\"0 0 38 38\" stroke=\"#fff\"><g fill=\"none\" fill-rule=\"evenodd\"><g transform=\"translate(1 1)\" stroke-width=\"2\"><circle stroke-opacity=\".5\" cx=\"18\" cy=\"18\" r=\"18\"\/><path d=\"M36 18c0-9.94-8.06-18-18-18\" transform=\"rotate(137.826 18 18)\"><animateTransform attributeName=\"transform\" type=\"rotate\" from=\"0 18 18\" to=\"360 18 18\" dur=\"1s\" repeatCount=\"indefinite\"\/><\/path><\/g><\/g><\/svg><br \/>\n\t\t<input name=\"photos_tissu_ou_modele\" data-field-name=\"photos_tissu_ou_modele\" type=\"file\" data-form_id=\"703\" id=\"photos_tissu_ou_modele\" data-jfb-sync=\"\" data-max_size=\"2097152\"><br \/>\n\t<small>Maximum file size: 2 Mo<\/small><br \/>\ninformation suplementaire ( messure et d&rsquo;autre exigence )\n\t\t<link rel='stylesheet' id='dashicons-css' href='https:\/\/bamadoucouture.com\/wp-includes\/css\/dashicons.min.css?ver=6.2.2' media='all' \/>\n<link rel='stylesheet' id='editor-buttons-css' href='https:\/\/bamadoucouture.com\/wp-includes\/css\/editor.min.css?ver=6.2.2' media='all' \/>\n<textarea rows=\"8\" autocomplete=\"off\" cols=\"40\" name=\"information_suplementaire_messure_et_d_autre_exigence\" id=\"wp_editor_information_suplementaire_messure_et_d_autre_exigence\"><\/textarea><br \/>\n\t<button type=\"submit\">Submit<\/button><br \/>\n<\/form>\n<style>\/*! elementor - v3.13.3 - 22-05-2023 *\/\n.elementor-widget-divider{--divider-border-style:none;--divider-border-width:1px;--divider-color:#0c0d0e;--divider-icon-size:20px;--divider-element-spacing:10px;--divider-pattern-height:24px;--divider-pattern-size:20px;--divider-pattern-url:none;--divider-pattern-repeat:repeat-x}.elementor-widget-divider .elementor-divider{display:flex}.elementor-widget-divider .elementor-divider__text{font-size:15px;line-height:1;max-width:95%}.elementor-widget-divider .elementor-divider__element{margin:0 var(--divider-element-spacing);flex-shrink:0}.elementor-widget-divider .elementor-icon{font-size:var(--divider-icon-size)}.elementor-widget-divider .elementor-divider-separator{display:flex;margin:0;direction:ltr}.elementor-widget-divider--view-line_icon .elementor-divider-separator,.elementor-widget-divider--view-line_text .elementor-divider-separator{align-items:center}.elementor-widget-divider--view-line_icon .elementor-divider-separator:after,.elementor-widget-divider--view-line_icon .elementor-divider-separator:before,.elementor-widget-divider--view-line_text .elementor-divider-separator:after,.elementor-widget-divider--view-line_text .elementor-divider-separator:before{display:block;content:\"\";border-bottom:0;flex-grow:1;border-top:var(--divider-border-width) var(--divider-border-style) var(--divider-color)}.elementor-widget-divider--element-align-left .elementor-divider .elementor-divider-separator>.elementor-divider__svg:first-of-type{flex-grow:0;flex-shrink:100}.elementor-widget-divider--element-align-left .elementor-divider-separator:before{content:none}.elementor-widget-divider--element-align-left .elementor-divider__element{margin-left:0}.elementor-widget-divider--element-align-right .elementor-divider .elementor-divider-separator>.elementor-divider__svg:last-of-type{flex-grow:0;flex-shrink:100}.elementor-widget-divider--element-align-right .elementor-divider-separator:after{content:none}.elementor-widget-divider--element-align-right .elementor-divider__element{margin-right:0}.elementor-widget-divider:not(.elementor-widget-divider--view-line_text):not(.elementor-widget-divider--view-line_icon) .elementor-divider-separator{border-top:var(--divider-border-width) var(--divider-border-style) var(--divider-color)}.elementor-widget-divider--separator-type-pattern{--divider-border-style:none}.elementor-widget-divider--separator-type-pattern.elementor-widget-divider--view-line .elementor-divider-separator,.elementor-widget-divider--separator-type-pattern:not(.elementor-widget-divider--view-line) .elementor-divider-separator:after,.elementor-widget-divider--separator-type-pattern:not(.elementor-widget-divider--view-line) .elementor-divider-separator:before,.elementor-widget-divider--separator-type-pattern:not([class*=elementor-widget-divider--view]) .elementor-divider-separator{width:100%;min-height:var(--divider-pattern-height);-webkit-mask-size:var(--divider-pattern-size) 100%;mask-size:var(--divider-pattern-size) 100%;-webkit-mask-repeat:var(--divider-pattern-repeat);mask-repeat:var(--divider-pattern-repeat);background-color:var(--divider-color);-webkit-mask-image:var(--divider-pattern-url);mask-image:var(--divider-pattern-url)}.elementor-widget-divider--no-spacing{--divider-pattern-size:auto}.elementor-widget-divider--bg-round{--divider-pattern-repeat:round}.rtl .elementor-widget-divider .elementor-divider__text{direction:rtl}.e-con-inner>.elementor-widget-divider,.e-con>.elementor-widget-divider{width:var(--container-widget-width,100%);--flex-grow:var(--container-widget-flex-grow)}<\/style>\n<h2><a href=\"https:\/\/bamadoucouture.com\/?page_id=9\">CONTACT<\/a><\/h2>\n<p>Vous pouvez nous joindre par t\u00e9l\u00e9phone :<br \/><strong>+223 90301309\/ 95454272<\/strong><\/p>\n<p>Ou par courrier \u00e9lectronique : <strong>tangpro18@gmail.com<\/strong><\/p>\n<h2><a href=\"https:\/\/bamadoucouture.com\/?page_id=21\">ADRESSE<\/a><\/h2>\n<p><strong>Bamadou couture se trouve \u00e0 SEGOU, DARSALAM pr\u00e8s du marcher de MEDINE<\/strong><\/p>\n<style>\/*! elementor - v3.13.3 - 22-05-2023 *\/\n.elementor-widget-image{text-align:center}.elementor-widget-image a{display:inline-block}.elementor-widget-image a img[src$=\".svg\"]{width:48px}.elementor-widget-image img{vertical-align:middle;display:inline-block}<\/style>\n<p>\t\t\t\t\t\t\t\t\t\t\t\t<img decoding=\"async\" width=\"184\" height=\"160\" src=\"https:\/\/bamadoucouture.com\/wp-content\/uploads\/2023\/05\/google-maps-tang-mercerie.png\" alt=\"\" loading=\"lazy\" sizes=\"auto, 100vw\" \/><\/p>\n","protected":false},"excerpt":{"rendered":"<p>FOMULAIRE DE DEVIS GRATUIT PRESTATIONS COUTURE Toutes prestations de couture, patron de couture et de Retouche. Ce formulaire est \u00e0 votre disposition pour toutes demandes de devis gratuit. Pour mieux vous r\u00e9pondre, remplissez tous les champs possible. Nous nous efforcerons de vous r\u00e9pondre dans les meilleurs d\u00e9lais. Pr\u00e9nom et Nom * Adresse * T\u00e9l\u00e9phone * &hellip; <\/p>\n<p class=\"link-more\"><a href=\"https:\/\/bamadoucouture.com\/?page_id=11\" class=\"more-link\">Continuer la lecture<span class=\"screen-reader-text\"> de &laquo;&nbsp;DEMANDE DE DEVIS&nbsp;&raquo;<\/span><\/a><\/p>\n","protected":false},"author":1,"featured_media":0,"parent":0,"menu_order":0,"comment_status":"closed","ping_status":"closed","template":"","meta":{"footnotes":""},"class_list":["post-11","page","type-page","status-publish","hentry"],"_links":{"self":[{"href":"https:\/\/bamadoucouture.com\/index.php?rest_route=\/wp\/v2\/pages\/11","targetHints":{"allow":["GET"]}}],"collection":[{"href":"https:\/\/bamadoucouture.com\/index.php?rest_route=\/wp\/v2\/pages"}],"about":[{"href":"https:\/\/bamadoucouture.com\/index.php?rest_route=\/wp\/v2\/types\/page"}],"author":[{"embeddable":true,"href":"https:\/\/bamadoucouture.com\/index.php?rest_route=\/wp\/v2\/users\/1"}],"replies":[{"embeddable":true,"href":"https:\/\/bamadoucouture.com\/index.php?rest_route=%2Fwp%2Fv2%2Fcomments&post=11"}],"version-history":[{"count":15,"href":"https:\/\/bamadoucouture.com\/index.php?rest_route=\/wp\/v2\/pages\/11\/revisions"}],"predecessor-version":[{"id":934,"href":"https:\/\/bamadoucouture.com\/index.php?rest_route=\/wp\/v2\/pages\/11\/revisions\/934"}],"wp:attachment":[{"href":"https:\/\/bamadoucouture.com\/index.php?rest_route=%2Fwp%2Fv2%2Fmedia&parent=11"}],"curies":[{"name":"wp","href":"https:\/\/api.w.org\/{rel}","templated":true}]}}